{"id":11541,"date":"2018-01-11T18:17:31","date_gmt":"2018-01-11T17:17:31","guid":{"rendered":"http:\/\/www.andreclaude.fr\/web\/?post_type=product&#038;p=11541"},"modified":"2024-05-23T11:02:16","modified_gmt":"2024-05-23T10:02:16","slug":"coulis-de-d-abricot-le-pot-de-215g","status":"publish","type":"product","link":"https:\/\/www.andreclaude.fr\/web\/index.php\/produit\/coulis-de-d-abricot-le-pot-de-215g\/","title":{"rendered":"Coulis de d&rsquo;Abricot le pot de 215g"},"content":{"rendered":"<p>SAS COPYR<\/p>\n<p>09190 LORP<\/p>\n","protected":false},"excerpt":{"rendered":"<p>Coulis Daniel Boudet<\/p>\n<p>Ingr\u00e9dients : Abricot (70%), sucre, g\u00e9lifiant : pectine.<\/p>\n<p>OGM : Garanti sans OGM<br \/>\nIONISATION : Ce produit n&rsquo;est pas trait\u00e9 par ionisation et ne contient aucun ingr\u00e9dient ou additif ionis\u00e9.<br \/>\nALLERGENE(S) :Absence<\/p>\n<p>Valeurs nutritionnelles\u00a0 pour 100 g<\/p>\n<p>Energie : 124kcal \/526kj<\/p>\n<p>Mati\u00e8res grasses : 0 g dont acides gras satur\u00e9s : 0g<\/p>\n<p>Glucides : 29g dont sucres28g<\/p>\n<p>Prot\u00e9ines : 0.7g<\/p>\n<p>Sel : 0g<\/p>\n","protected":false},"featured_media":11542,"comment_status":"closed","ping_status":"closed","template":"","meta":[],"product_cat":[194,177],"product_tag":[],"jetpack_publicize_connections":[],"_links":{"self":[{"href":"https:\/\/www.andreclaude.fr\/web\/index.php\/wp-json\/wp\/v2\/product\/11541"}],"collection":[{"href":"https:\/\/www.andreclaude.fr\/web\/index.php\/wp-json\/wp\/v2\/product"}],"about":[{"href":"https:\/\/www.andreclaude.fr\/web\/index.php\/wp-json\/wp\/v2\/types\/product"}],"replies":[{"embeddable":true,"href":"https:\/\/www.andreclaude.fr\/web\/index.php\/wp-json\/wp\/v2\/comments?post=11541"}],"wp:featuredmedia":[{"embeddable":true,"href":"https:\/\/www.andreclaude.fr\/web\/index.php\/wp-json\/wp\/v2\/media\/11542"}],"wp:attachment":[{"href":"https:\/\/www.andreclaude.fr\/web\/index.php\/wp-json\/wp\/v2\/media?parent=11541"}],"wp:term":[{"taxonomy":"product_cat","embeddable":true,"href":"https:\/\/www.andreclaude.fr\/web\/index.php\/wp-json\/wp\/v2\/product_cat?post=11541"},{"taxonomy":"product_tag","embeddable":true,"href":"https:\/\/www.andreclaude.fr\/web\/index.php\/wp-json\/wp\/v2\/product_tag?post=11541"}],"curies":[{"name":"wp","href":"https:\/\/api.w.org\/{rel}","templated":true}]}}

<p>Coulis Daniel Boudet</p>
<p>Ingrédients : Abricot (70%), sucre, gélifiant : pectine.</p>
<p>OGM : Garanti sans OGM<br />
IONISATION : Ce produit n&rsquo;est pas traité par ionisation et ne contient aucun ingrédient ou additif ionisé.<br />
ALLERGENE(S) :Absence</p>
<p>Valeurs nutritionnelles  pour 100 g</p>
<p>Energie : 124kcal /526kj</p>
<p>Matières grasses : 0 g dont acides gras saturés : 0g</p>
<p>Glucides : 29g dont sucres28g</p>
<p>Protéines : 0.7g</p>
<p>Sel : 0g</p>
