{"id":11081,"date":"2017-09-18T10:08:01","date_gmt":"2017-09-18T09:08:01","guid":{"rendered":"http:\/\/www.andreclaude.fr\/web\/?post_type=product&#038;p=11081"},"modified":"2022-01-28T09:02:53","modified_gmt":"2022-01-28T08:02:53","slug":"bananes-chips-deshydratees-barq-env-200-grs","status":"publish","type":"product","link":"https:\/\/www.andreclaude.fr\/web\/index.php\/produit\/bananes-chips-deshydratees-barq-env-200-grs\/","title":{"rendered":"Bananes chips d\u00e9shydrat\u00e9es bq env 200g"},"content":{"rendered":"<p>Distribu\u00e9 par<\/p>\n<p>Agidra<\/p>\n<p>BP 156<\/p>\n<p>69801 SAINT PRIEST<\/p>\n","protected":false},"excerpt":{"rendered":"<p>Conditionn\u00e9e en barquette refermable \u00e0 volont\u00e9 pour garder toute sa saveur.<\/p>\n<p>BANANE CHIPS<br \/>\nIngr\u00e9dient: banane, huile de noix de coco,sucre, miel, ar\u00f4me de banane.<br \/>\nOrigine :Philippines<\/p>\n<p>Valeurs \u00e9nerg\u00e9tiques et nutritionnelles moyennes pour 100g<\/p>\n<p>Energie : 2125kj\/509kcal<\/p>\n<p>Mati\u00e8res grasses : 29g dont acides gras satur\u00e9s : 25g<\/p>\n<p>Glucides : 58g dont sucres 15g<\/p>\n<p>Fibres alimentaires : 2g<\/p>\n<p>Prot\u00e9ines : 0.01g<\/p>\n<p>Sel : 0.08g<\/p>\n<p>&nbsp;<\/p>\n","protected":false},"featured_media":11082,"comment_status":"closed","ping_status":"closed","template":"","meta":[],"product_cat":[194,152],"product_tag":[],"jetpack_publicize_connections":[],"_links":{"self":[{"href":"https:\/\/www.andreclaude.fr\/web\/index.php\/wp-json\/wp\/v2\/product\/11081"}],"collection":[{"href":"https:\/\/www.andreclaude.fr\/web\/index.php\/wp-json\/wp\/v2\/product"}],"about":[{"href":"https:\/\/www.andreclaude.fr\/web\/index.php\/wp-json\/wp\/v2\/types\/product"}],"replies":[{"embeddable":true,"href":"https:\/\/www.andreclaude.fr\/web\/index.php\/wp-json\/wp\/v2\/comments?post=11081"}],"wp:featuredmedia":[{"embeddable":true,"href":"https:\/\/www.andreclaude.fr\/web\/index.php\/wp-json\/wp\/v2\/media\/11082"}],"wp:attachment":[{"href":"https:\/\/www.andreclaude.fr\/web\/index.php\/wp-json\/wp\/v2\/media?parent=11081"}],"wp:term":[{"taxonomy":"product_cat","embeddable":true,"href":"https:\/\/www.andreclaude.fr\/web\/index.php\/wp-json\/wp\/v2\/product_cat?post=11081"},{"taxonomy":"product_tag","embeddable":true,"href":"https:\/\/www.andreclaude.fr\/web\/index.php\/wp-json\/wp\/v2\/product_tag?post=11081"}],"curies":[{"name":"wp","href":"https:\/\/api.w.org\/{rel}","templated":true}]}}