{"id":19,"date":"2014-08-26T09:30:09","date_gmt":"2014-08-26T09:30:09","guid":{"rendered":"http:\/\/localhost\/redux\/?page_id=19"},"modified":"2025-01-30T09:32:50","modified_gmt":"2025-01-30T08:32:50","slug":"shop","status":"publish","type":"page","link":"https:\/\/www.andreclaude.fr\/web\/","title":{"rendered":"Andre claude"},"content":{"rendered":"\n\n\n<div class=\"wp-block-image\"><figure class=\"aligncenter size-large is-resized\"><a href=\"https:\/\/www.andreclaude.fr\/web\/?s=promo&amp;post_type=product\"><img loading=\"lazy\" src=\"https:\/\/www.andreclaude.fr\/web\/wp-content\/uploads\/2022\/01\/15-sur-les-150-premiers-paniers-passes-3-600x300.jpg\" alt=\"\" class=\"wp-image-18861\" width=\"770\" height=\"385\" srcset=\"https:\/\/www.andreclaude.fr\/web\/wp-content\/uploads\/2022\/01\/15-sur-les-150-premiers-paniers-passes-3-600x300.jpg 600w, https:\/\/www.andreclaude.fr\/web\/wp-content\/uploads\/2022\/01\/15-sur-les-150-premiers-paniers-passes-3-300x150.jpg 300w, https:\/\/www.andreclaude.fr\/web\/wp-content\/uploads\/2022\/01\/15-sur-les-150-premiers-paniers-passes-3-768x384.jpg 768w, https:\/\/www.andreclaude.fr\/web\/wp-content\/uploads\/2022\/01\/15-sur-les-150-premiers-paniers-passes-3-1536x768.jpg 1536w, https:\/\/www.andreclaude.fr\/web\/wp-content\/uploads\/2022\/01\/15-sur-les-150-premiers-paniers-passes-3-2048x1024.jpg 2048w, https:\/\/www.andreclaude.fr\/web\/wp-content\/uploads\/2022\/01\/15-sur-les-150-premiers-paniers-passes-3-416x208.jpg 416w\" sizes=\"(max-width: 770px) 100vw, 770px\" \/><\/a><\/figure><\/div>\n\n\n<p>\u00a0<\/p>\n<div class=\"wpb_column vc_column_container vc_col-sm-12\"><div class=\"wpb_wrapper\">\n<div class=\"vc_row wpb_row vc_inner vc_row-fluid\">\n<div class=\"wpb_column vc_column_container vc_col-sm-12\"><div class=\"wpb_wrapper\">\n<h2 style=\"color: #000000;text-align: center;font-family:Merienda;font-weight:400;font-style:normal\" class=\"vc_custom_heading\"><a href=\"http:\/\/www.andreclaude.fr\/web\/?s=Huitre&amp;post_type=product\"><\/a><\/h2>\n<h2 style=\"color: #dd3333;text-align: center;font-family:Merienda;font-weight:400;font-style:normal\" class=\"vc_custom_heading\"><a href=\"\">BONJOUR<\/a><\/h2>\n<h2 style=\"color: #dd3333;text-align: center;font-family:Merienda;font-weight:400;font-style:normal\" class=\"vc_custom_heading\"><a href=\"\">Bienvenue chez Andr\u00e9 Claude \u00e0 Luc\u00e9<\/a><\/h2>\n<\/div><\/div>\n<\/div>\n<div class=\"woocommerce columns-4 \"><ul class=\"products columns-4\">\n<li class=\"product type-product post-6109 status-publish first instock product_cat-epicerieles-epices product_cat-tous-les-produits has-post-thumbnail purchasable product-type-simple\">\n\t<\/li>\n<li class=\"product type-product post-4988 status-publish instock product_cat-legumeslegumes-frais product_cat-tous-les-produits has-post-thumbnail purchasable product-type-simple\">\n\t<\/li>\n<li class=\"product type-product post-6103 status-publish instock product_cat-epicerieles-epices product_cat-tous-les-produits has-post-thumbnail purchasable product-type-simple\">\n\t<\/li>\n<li class=\"product type-product post-4965 status-publish last instock product_cat-legumeslegumes-frais product_cat-tous-les-produits has-post-thumbnail purchasable product-type-simple\">\n\t<\/li>\n<li class=\"product type-product post-11676 status-publish first instock product_cat-tous-les-produits product_cat-bordeaux has-post-thumbnail shipping-taxable purchasable product-type-simple\">\n\t<\/li>\n<li class=\"product type-product post-16015 status-publish instock product_cat-tous-les-produits product_cat-bordeaux has-post-thumbnail shipping-taxable purchasable product-type-simple\">\n\t<\/li>\n<li class=\"product type-product post-21762 status-publish instock product_cat-tous-les-produits product_cat-bordeaux has-post-thumbnail purchasable product-type-simple\">\n\t<\/li>\n<li class=\"product type-product post-5470 status-publish last instock product_cat-tous-les-produits product_cat-bourgogne has-post-thumbnail purchasable product-type-simple\">\n\t<\/li>\n<li class=\"product type-product post-5372 status-publish first instock product_cat-fruitsfruits-secs product_cat-tous-les-produits has-post-thumbnail purchasable product-type-simple\">\n\t<\/li>\n<li class=\"product type-product post-6127 status-publish instock product_cat-epicerieles-bocaux product_cat-tous-les-produits has-post-thumbnail purchasable product-type-simple\">\n\t<\/li>\n<li class=\"product type-product post-6296 status-publish instock product_cat-epiceriethe product_cat-tous-les-produits has-post-thumbnail purchasable product-type-simple\">\n\t<\/li>\n<li class=\"product type-product post-5105 status-publish last instock product_cat-fruitsfruits-frais product_cat-tous-les-produits has-post-thumbnail purchasable product-type-simple\">\n\t<\/li>\n<li class=\"product type-product post-6407 status-publish first instock product_cat-corbeille product_cat-tous-les-produits has-post-thumbnail purchasable product-type-simple\">\n\t<\/li>\n<li class=\"product type-product post-5424 status-publish instock product_cat-tous-les-produits product_cat-bordeaux has-post-thumbnail purchasable product-type-simple\">\n\t<\/li>\n<li class=\"product type-product post-6450 status-publish instock product_cat-fruitsfruits-secs product_cat-tous-les-produits has-post-thumbnail purchasable product-type-simple\">\n\t<\/li>\n<li class=\"product type-product post-9574 status-publish last instock product_cat-tous-les-produits product_cat-divers has-post-thumbnail shipping-taxable purchasable product-type-simple\">\n\t<\/li>\n<li class=\"product type-product post-5939 status-publish first instock product_cat-epicerieles-gateaux product_cat-tous-les-produits has-post-thumbnail purchasable product-type-simple\">\n\t<\/li>\n<li class=\"product type-product post-5909 status-publish instock product_cat-epicerieles-bocaux product_cat-tous-les-produits has-post-thumbnail purchasable product-type-simple\">\n\t<\/li>\n<li class=\"product type-product post-7899 status-publish instock product_cat-epicerieles-condiments product_cat-tous-les-produits has-post-thumbnail shipping-taxable purchasable product-type-simple\">\n\t<\/li>\n<li class=\"product type-product post-11264 status-publish last instock product_cat-epiceriedivers product_cat-tous-les-produits has-post-thumbnail shipping-taxable purchasable product-type-simple\">\n\t<\/li>\n<li class=\"product type-product post-17820 status-publish first instock product_cat-epicerieles-bocaux product_cat-tous-les-produits has-post-thumbnail shipping-taxable purchasable product-type-simple\">\n\t<\/li>\n<li class=\"product type-product post-11090 status-publish instock product_cat-epicerietout-pour-laperitif product_cat-tous-les-produits has-post-thumbnail shipping-taxable purchasable product-type-simple\">\n\t<\/li>\n<li class=\"product type-product post-15878 status-publish instock product_cat-epicerieles-condiments product_cat-tous-les-produits has-post-thumbnail shipping-taxable purchasable product-type-simple\">\n\t<\/li>\n<li class=\"product type-product post-17828 status-publish last instock product_cat-epicerieles-condiments product_cat-tous-les-produits has-post-thumbnail shipping-taxable purchasable product-type-simple\">\n\t<\/li>\n<\/ul>\n<\/div>\n<\/div><\/div>","protected":false},"excerpt":{"rendered":"<p>\u00a0<\/p>\n","protected":false},"author":1,"featured_media":17564,"parent":0,"menu_order":0,"comment_status":"closed","ping_status":"open","template":"template-fullwidth.php","meta":[],"_links":{"self":[{"href":"https:\/\/www.andreclaude.fr\/web\/index.php\/wp-json\/wp\/v2\/pages\/19"}],"collection":[{"href":"https:\/\/www.andreclaude.fr\/web\/index.php\/wp-json\/wp\/v2\/pages"}],"about":[{"href":"https:\/\/www.andreclaude.fr\/web\/index.php\/wp-json\/wp\/v2\/types\/page"}],"author":[{"embeddable":true,"href":"https:\/\/www.andreclaude.fr\/web\/index.php\/wp-json\/wp\/v2\/users\/1"}],"replies":[{"embeddable":true,"href":"https:\/\/www.andreclaude.fr\/web\/index.php\/wp-json\/wp\/v2\/comments?post=19"}],"version-history":[{"count":257,"href":"https:\/\/www.andreclaude.fr\/web\/index.php\/wp-json\/wp\/v2\/pages\/19\/revisions"}],"predecessor-version":[{"id":21798,"href":"https:\/\/www.andreclaude.fr\/web\/index.php\/wp-json\/wp\/v2\/pages\/19\/revisions\/21798"}],"wp:featuredmedia":[{"embeddable":true,"href":"https:\/\/www.andreclaude.fr\/web\/index.php\/wp-json\/wp\/v2\/media\/17564"}],"wp:attachment":[{"href":"https:\/\/www.andreclaude.fr\/web\/index.php\/wp-json\/wp\/v2\/media?parent=19"}],"curies":[{"name":"wp","href":"https:\/\/api.w.org\/{rel}","templated":true}]}}